ulate the remainder when 642 is divided by 142.
74
What is the remainder when 2638 is divided by 120?
118
What is the remainder when 98 is divided by 31?
5
What is the remainder when 9837 is divided by 13?
9
Calculate the remainder when 21 is divided by 11.
10
What is the remainder when 1559 is divided by 26?
25
Calculate the remainder when 271 is divided by 18.
1
What is the remainder when 77 is divided by 29?
19
What is the remainder when 1623 is divided by 809?
5
Calculate the remainder when 44 is divided by 15.
14
Calculate the remainder when 4418 is divided by 85.
83
Calculate the remainder when 191 is divided by 16.
15
Calculate the remainder when 367 is divided by 18.
7
Calculate the remainder when 767 is divided by 149.
22
What is the remainder when 1732 is divided by 79?
73
Calculate the remainder when 1386 is divided by 139.
135
Calculate the remainder when 1951 is divided by 115.
111
Calculate the remainder when 1131 is divided by 54.
51
What is the remainder when 638 is divided by 64?
62
What is the remainder when 22671 is divided by 218?
217
What is the remainder when 214 is divided by 21?
4
Calculate the remainder when 6217 is divided by 2069.
10
Calculate the remainder when 348 is divided by 119.
110
Calculate the remainder when 1034 is divided by 69.
68
What is the remainder when 192 is divided by 115?
77
What is the remainder when 488 is divided by 14?
12
What is the remainder when 842 is divided by 167?
7
Calculate the remainder when 273 is divided by 93.
87
Calculate the remainder when 419 is divided by 418.
1
Calculate the remainder when 40 is divided by 1.
0
What is the remainder when 2092 is divided by 211?
193
What is the remainder when 764 is divided by 46?
28
What is the remainder when 28 is divided by 28?
0
Calculate the remainder when 4404 is divided by 14.
8
What is the remainder when 139 is divided by 48?
43
What is the remainder when 64 is divided by 6?
4
Calculate the remainder when 187 is divided by 47.
46
What is the remainder when 3825 is divided by 44?
41
What is the remainder when 165 is divided by 88?
77
Calculate the remainder when 178 is divided by 167.
11
Calculate the remainder when 6203 is divided by 2063.
14
What is the remainder when 40 is divided by 24?
16
What is the remainder when 944 is divided by 186?
14
Calculate the remainder when 2472 is divided by 3.
0
What is the remainder when 2589 is divided by 10?
9
Calculate the remainder when 394 is divided by 128.
10
Calculate the remainder when 186 is divided by 83.
20
Calculate the remainder when 1165 is divided by 78.
73
What is the remainder when 404 is divided by 106?
86
Calculate the remainder when 476 is divided by 9.
8
Calculate the remainder when 234 is divided by 5.
4
Calculate the remainder when 91 is divided by 7.
0
What is the remainder when 335 is divided by 69?
59
What is the remainder when 372 is divided by 22?
20
What is the remainder when 336 is divided by 23?
14
Calculate the remainder when 4320 is divided by 1434.
18
Calculate the remainder when 9277 is divided by 80.
77
Calculate the remainder when 701 is divided by 71.
62
Calculate the remainder when 588 is divided by 22.
16
Calculate the remainder when 876 is divided by 32.
12
What is the remainder when 2456 is divided by 161?
41
What is the remainder when 98 is divided by 9?
8
Calculate the remainder when 1895 is divided by 628.
11
What is the remainder when 94 is divided by 26?
16
Calculate the remainder when 10 is divided by 5.
0
Calculate the remainder when 2362 is divided by 89.
48
What is the remainder when 13266 is divided by 13?
6
What is the remainder when 1186 is divided by 100?
86
Calculate the remainder when 996 is divided by 493.
10
What is the remainder when 59 is divided by 54?
5
What is the remainder when 2227 is divided by 710?
97
What is the remainder when 3476 is divided by 37?
35
What is the remainder when 29 is divided by 16?
13
Calculate the remainder when 528 is divided by 59.
56
What is the remainder when 1515 is divided by 11?
8
Calculate the remainder when 1195 is divided by 91.
12
What is the remainder when 841 is divided by 229?
154
Calculate the remainder when 8903 is divided by 53.
52
Calculate the remainder when 228 is divided by 74.
6
Calculate the remainder when 2724 is divided by 39.
33
What is the remainder when 318 is divided by 188?
130
What is the remainder when 61 is divided by 36?
25
Calculate the remainder when 711 is divided by 6.
3
Calculate the remainder when 32001 is divided by 252.
249
Calculate the remainder when 159 is divided by 20.
19
What is the remainder when 663 is divided by 319?
25
What is the remainder when 383 is divided by 42?
5
Calculate the remainder when 1224 is divided by 175.
174
Calculate the remainder when 174 is divided by 22.
20
Calculate the remainder when 53 is divided by 16.
5
Calculate the remainder when 1622 is divided by 56.
54
Calculate the remainder when 907 is divided by 65.
62
Calculate the remainder when 2256 is divided by 113.
109
What is the remainder when 6399 is divided by 22?
19
Calculate the remainder when 155 is divided by 48.
11
What is the remainder when 664 is divided by 74?
72
What is the remainder when 1263 is divided by 44?
31
Calculate the remainder when 6341 is divided by 3.
2
What is the remainder when 350 is divided by 120?
110
What is the remainder when 1220 is divided by 51?
47
Calculate the remainder when 157 is divided by 81.
76
Calculate the remainder when 199 is divided by 4.
3
What is the remainder when 94 is divided by 33?
28
Calculate the remainder when 516 is divided by 29.
23
What is the remainder when 886 is divided by 30?
16
What is the remainder when 1288 is divided by 10?
8
What is the remainder when 1223 is divided by 94?
1
What is the remainder when 592 is divided by 22?
20
What is the remainder when 303 is divided by 76?
75
Calculate the remainder when 4774 is divided by 18.
4
What is the remainder when 912 is divided by 43?
9
Calculate the remainder when 7364 is divided by 53.
50
Calculate the remainder when 279 is divided by 48.
39
Calculate the remainder when 937 is divided by 23.
17
What is the remainder when 2423 is divided by 152?
143
What is the remainder when 443 is divided by 37?
36
What is the remainder when 25 is divided by 2?
1
Calculate the remainder when 1251 is divided by 617.
17
What is the remainder when 222 is divided by 89?
44
Calculate the remainder when 7504 is divided by 24.
16
Calculate the remainder when 3779 is divided by 210.
209
What is the remainder when 26 is divided by 7?
5
What is the remainder when 162 is divided by 51?
9
What is the remainder when 91 is divided by 13?
0
Calculate the remainder when 237 is divided by 110.
17
What is the remainder when 273 is divided by 225?
48
What is the remainder when 597 is divided by 29?
17
What is the remainder when 327 is divided by 106?
9
What is the remainder when 90 is divided by 7?
6
Calculate the remainder when 297 is divided by 60.
57
Calculate the remainder when 167 is divided by 58.
51
What is the remainder when 175 is divided by 31?
20
What is the remainder when 273 is divided by 69?
66
What is the remainder when 539 is divided by 27?
26
What is the remainder when 329 is divided by 17?
6
Calculate the remainder when 196 is divided by 153.
43
Calculate the remainder when 60 is divided by 22.
16
Calculate the remainder when 9147 is divided by 6.
3
Calculate the remainder when 57 is divided by 12.
9
What is the remainder when 232 is divided by 45?
7
What is the remainder when 923 is divided by 155?
148
Calculate the remainder when 352 is divided by 34.
12
What is the remainder when 55 is divided by 20?
15
What is the remainder when 215 is divided by 210?
5
Calculate the remainder when 311 is divided by 169.
142
What is the remainder when 2818 is divided by 573?
526
Calculate the remainder when 89 is divided by 29.
2
What is the remainder when 6605 is divided by 26?
1
What is the remainder when 118 is divided by 10?
8
What is the remainder when 105 is divided by 18?
15
Calculate the remainder when 5146 is divided by 12.
10
Calculate the remainder when 308 is divided by 31.
29
What is the remainder when 35 is divided by 13?
9
Calculate the remainder when 107 is divided by 32.
11
What is t